8. Is c composite?
False
Is ((-4625226)/(-45) + 0)/(2/5) composite?
False
Let k = -64 - -67. Suppose 0 = -5*c + 15, 4*g - k*c - 7 = 4. Suppose -5*w + 2435 = g*d, 4*w = -6*d + d + 1944. Is w a composite number?
False
Let g be (-1)/(1/(23*-45)). Let x be 7/((-42)/g)*-2. Suppose 7*d = 2*d + x. Is d a composite number?
True
Let o(g) = 60*g**2 - 10*g + 7 + 45*g**2 + 265*g**3 - 100*g**2. Is o(4) prime?
False
Let h = 3754 + -1098. Let l = h + 938. Suppose 4*v = 4*j + v - 4787, 3*j - 3*v - l = 0. Is j a composite number?
False
Suppose -4*a - 10 - 22 = 0. Let j be ((-4)/(-14))/(a/(-112)). Is (1 - (-2 + j))*-557 prime?
True
Let v = -12635 + 34761. Let g = -13347 + v. Is g a composite number?
False
Suppose -g - 2*v + 21215 = 0, -290*g + 289*g + 3*v + 21205 = 0. Is g composite?
False
Let u(o) = -89*o + 7. Let k = 3 + 1. Suppose -39 = 3*w - 5*v + 4, 2 = 3*w + k*v. Is u(w) composite?
False
Suppose -3*p - 2*c - 18464 = 0, 2*p - 5*c - 3571 + 15855 = 0. Is (-6)/(-1) + (5 - p) a prime number?
True
Let f = 138987 - 81500. Is f a prime number?
True
Suppose -7*i = -21908 + 1916. Suppose 2*r = -0*r - 18. Is (-4)/12 - i/r a prime number?
True
Let s(f) = -5434*f + 1165. Is s(-18) prime?
False
Let z = 40 - 48. Let c be 2 + 156/15 - z/(-20). Is (0 + 8/c)/((-6)/(-1683)) composite?
True
Suppose 4*q = 2*q - 3*k - 15, -3*q = -k - 5. Suppose -c = -q*c - 2, 17 = 5*l + c. Suppose -2*o = m - 692, -1033 = -l*o - 0*o - 4*m. Is o composite?
False
Let r = -4 - 1. Let o(a) be the second derivative of -11*a**3 + a**2/2 + 59*a - 3. Is o(r) composite?
False
Suppose -f = 4*d - 237, -3*f - 3*d + 339 = -363. Let n = 211 - 151. Let x = f + n. Is x a composite number?
False
Let a(t) = -2 - 1151*t**3 - 1741*t**3 - 4*t + t**2 - 1 - 2*t**2 + 313*t**3. Is a(-1) a composite number?
False
Let i = 697957 - 487248. Is i prime?
True
Let k(h) = 297*h - 199. Let d(m) = 3*m + 82. Let i be d(-22). Is k(i) prime?
False
Suppose 284*g - 352*g = -646748. Is g a prime number?
True
Suppose -382560 + 154090 - 614045 = -5*i. Is i a composite number?
True
Let h be (-4593*(-16)/60)/((-12)/(-120)). Suppose -h = -32*k + 28*k. Is k prime?
False
Suppose 63*f - 62*f - 12 = 0. Suppose 3790 = -f*j + 17458. Let v = 1722 - j. Is v a composite number?
True
Suppose 0 = 76*b - 17530696 + 4417019 - 49075375. Is b prime?
False
Suppose 21 - 111 = -3*o. Suppose k = 2*q - 6, 0 = 4*q - 2*k + 5*k - 12. Suppose 0 = -3*v - q*w + 726 + o, v + 2*w - 251 = 0. Is v prime?
False
Let s(m) = m**2 - 3*m + 4. Let x be s(1). Suppose -q + x = -3*q, -4*d + 4*q + 8 = 0. Let v(z) = 34*z + 1. Is v(d) a composite number?
True
Suppose 5*u = 20, 0*f + f + u = 7. Suppose y = 5*k + 61, 3*y = f*k + 138 + 69. Is y a composite number?
False
Suppose 1 = 3*o + 5*d - 0, 7 = o - 5*d. Let i = 8 - o. Suppose -9521 = -i*v + 12217. Is v composite?
False
Suppose 5*x + 2211 = 2*z + 472, -4*z = -3*x - 1035. Let h = -546 - x. Let d = h - -1634. Is d prime?
False
Let x = 53 - 51. Suppose -15 = -5*a + x*a. Suppose 3*v + 4*l = 435, a*l + 0 = v - 164. Is v a composite number?
False
Let b(j) = 201*j - 1081. Is b(32) a prime number?
True
Let n = 163 + -163. Suppose n = -2*v - 4929 + 20811. Is v a composite number?
True
Let l = -27 - -31. Suppose n + 2518 = 3*u, l*u + 0*n = 5*n + 3361. Is u composite?
False
Let a(r) = 2*r**2 - 12*r - 2. Let x be a(6). Let y(p) = -p + 2. Let h be y(x). Suppose -5*q + 1405 = -5*f - 120, -q - h*f = -315. Is q prime?
True
Let r = 183681 - -80782. Is r composite?
False
Let v be 12/(-20) + (-4 - 69/(-15)). Let z be 1 - v/5 - -3. Suppose r + 9176 = z*q, -7*q + 2*q = 5*r - 11445. Is q composite?
False
Let x(m) be the third derivative of -499*m**7/2520 - m**6/720 + 19*m**5/60 + 9*m**2. Let w(f) be the third derivative of x(f). Is w(-1) prime?
True
Let c be 2*(-48170)/20 - 1*-1. Let n = c - -10502. Is n a prime number?
False
Let k(b) = 63*b - 227. Let a be k(49). Is a/3 + 2/(-6) a composite number?
False
Let t be (-35)/10*48/(-42). Suppose -8*j = t*j - 24972. Is j a prime number?
True
Is 106362 - (-62 - -32) - (1 + 0) composite?
False
Let p(y) = 1213*y**2 + 5*y - 5. Let n(v) = v**2 - 22*v + 106. Let w be n(15). Is p(w) a composite number?
False
Let i(q) = 1404*q - 1529. Is i(49) a composite number?
True
Suppose -742515 = -63*n + 43*n + 2930545. Is n a prime number?
False
Suppose 144*k - 43253355 = 7844991 - 5548122. Is k a prime number?
True
Let a be 2/(-8)*(2 - 1 - 525). Suppose 3*i = a - 23. Suppose u - i = 1387. Is u prime?
True
Is 1424209/85 + 72/(-30) a prime number?
False
Let r = -43073 - -72862. Is r prime?
True
Let y(n) = 8487*n - 46. Let v be y(-6). Is ((-40)/72)/5 + v/(-9) prime?
False
Suppose -13*h = -5499528 - 569561. Is h prime?
True
Suppose -3*z = -36*z + 3255879. Is z prime?
True
Suppose 6*r = 3*r - 3*m + 2342463, 3*r - m - 2342435 = 0. Is r composite?
True
Suppose k = -3*w + 2996, -3*w - 5978 = -2*k - 2*w. Let q = 5227 - k. Is q a prime number?
True
Suppose -13*z + 9*z - 492 = 0. Let a = 254 - z. Is a a composite number?
True
Let g(c) = -67*c**3 - 15*c**2 + 31*c - 1. Let n be g(7). Let a = n + 40355. Is a a composite number?
True
Let z be ((-175)/35)/(2/58). Let j = z + 394. Is j composite?
True
Let p(q) = 3*q**3 + 20*q**2 - 6*q + 9. Let y be p(-7). Suppose -5*d = 4*o - 413 - 782, 3*o = y*d - 478. Suppose d = 2*k - 207. Is k a prime number?
True
Let a(t) = -t**3 + 10*t**2 + 11*t - 1. Let z be a(11). Let w be 4 + z + 1/(-1). Suppose -w*v = -953 + 295. Is v a composite number?
True
Let l = 6 - -18. Let a(n) = n**2 + 2*n - l + 9 + 3*n + 0*n. Is a(14) a composite number?
False
Suppose 6*a - 19 = 11. Suppose 0 = 8*q - a*q - 18. Suppose 0*r - q*r = -4182. Is r a prime number?
False
Let u(s) = -375*s**3 - 26*s**2 - 48*s - 17. Is u(-8) a composite number?
True
Let s = 32904 + -10795. Is s a prime number?
True
Suppose 2*t + 3*x + 5 = 7, 5*t + 3*x + 4 = 0. Is 217035/42 + t/4 a prime number?
True
Suppose -352567 = -5*b - 3*j, 2*b + 25*j - 22*j = 141016. Is b prime?
False
Let k be -1308*1/((-8)/6). Suppose 0 = h - k + 186. Is 5*((-3)/2 - h/(-6)) prime?
False
Let b be (4 + 25/(-5))/(1/(-4)). Let g(r) = 768*r + 71. Is g(b) a prime number?
False
Let h be ((-90)/(-35))/(4/336*-1). Suppose 2*j - j = -m + 324, 3*m - 1630 = -5*j. Let i = j + h. Is i prime?
True
Let w be ((-108)/(-8))/9*-4. Let a be w/(-4) - (-19575)/18. Suppose 4*z - 1627 = a. Is z prime?
False
Let z be 13220/110 - 4/22. Let j be 3/(-4) + (z/32 - 2). Let g(l) = 7839*l - 4. Is g(j) composite?
True
Suppose -3*z = -4*y + 148856, y = 3*z + 2*z + 37231. Is y prime?
False
Let p = -2632 + 1049. Let s = p - -2305. Suppose 15 = 6*k - 3*k, 2*x - s = 4*k. Is x a composite number?
True
Let b(g) be the first derivative of -g**4/4 - 2*g**3 + 29*g**2/2 - 61*g - 26. Is b(-22) composite?
True
Let n(x) = -241*x**3 - 4*x**2 + 18*x + 84. Is n(-5) prime?
False
Suppose 0 = -5*f - 3*v + 7327, 4*v + v - 7325 = -5*f. Suppose 2*t - f = 2*o + 1624, 5*o - 4*t = -7725. Let p = o + 3448. Is p composite?
True
Suppose -15*f + 1279225 = f - 35383. Is f composite?
False
Let g(u) = -u**2 + 15*u - 17. Let d be g(13). Let q be 1*(-2 - -1) + (6529 - d). Suppose 7*o - q = -2074. Is o prime?
False
Let h = 99 - 212. Let a = h + -57. Let j = a - -1251. Is j a prime number?
False
Suppose 5*t = 4*v - 356594, 4*v + 2*t = -93214 + 449766. Is v a composite number?
True
Let l = -17 - -20. Let n(i) = -2*i + 9. Let g be n(l). Suppose -g*j + 4*t + 599 = -410, -5*j + t + 1676 = 0. Is j a prime number?
False
Suppose -70*n = -67*n + 906. Let f = 10047 - n. Is f a prime number?
False
Let l(r) = 21565*r**2 + 134*r + 1366. Is l(-11) a composite number?
True
Suppose -10 = 2*q, -3*m - q + 164 = q. Let l = m + 379. Is l a composite number?
True
Let v(a) = 21*a**2 + 9*a - 48. Let o be v(12). Let p = o + -157. Is p prime?
True
Let i(l) be the second derivative of 43*l**4/4 - 2*l**3/3 - 8*l. Let r be i(-4). Suppose -1224 = -3*w - 0*w + 3*m, -r = -5*w - 3*m. Is w composite?
True
Let u be (-14)/42 + 5/((-30)/652). Let d = u + 113. Suppose -3*s + 5687 = 4*m, 3*s - 5*s = -d*m + 5662. Is m prime?
False
Suppose 4*q - 20 = 0, 15*z - 1051558 = 14*z - 3*q. Is z prime?
True
Let b(z) = z**3 - 12*z**2 - 4. Let q = 28 + -16. Let s be b(q). Is -3 + s + 817 + 1 prime?
True
Suppose -63*d + 31560 = -330501. Is d a prime number?
False
Let m be (-90)/(-105)*(-14